 -g**2 - 6*g + 7. Determine h(s).
7
Let p(n) be the first derivative of -n**4/4 - 5*n**3/3 - n**2 + 3*n + 4. Determine p(-4).
-5
Suppose 3*a + 11 - 2 = 0. Let g(j) = 4*j - 6. Let d(x) = x - 1. Let w(o) = a*g(o) + 16*d(o). What is w(2)?
10
Let a(o) be the third derivative of o**4/6 + o**3/6 + 2*o**2. Suppose i = 4*i - 12. Suppose -6*p = -2*p + i. Determine a(p).
-3
Let u(r) = -2*r**3 + 12*r**2 - 16*r**2 + r**3 + 7 + 8*r. Determine u(-5).
-8
Suppose 2*o - 5*o + 15 = 0. Suppose 6 = -3*f, 7*k = 2*k + o*f + 35. Let h(w) = -w + 6. Let d(c) = 3*c - 18. Let m(b) = -6*d(b) - 17*h(b). What is m(k)?
1
Let r be -1 - ((-15)/2)/(-5)*-2. Let g(o) be the first derivative of -2*o - 1/2*o**r + 3. What is g(5)?
-7
Let a(t) be the second derivative of -1/12*t**4 + 4*t + 0*t**3 + 0 - 1/2*t**2. Calculate a(-1).
-2
Let u(k) be the third derivative of 0*k + 4/3*k**3 + 1/60*k**5 - 4*k**2 - 1/24*k**4 + 0. Suppose 4*g - 4 = 0, -4*a + 2*g + 0*g = 2. Determine u(a).
8
Suppose 0 = 3*g + 4*i - 1, -i + 10 = 2*g - 3*i. Let f(t) = 3*t - 3. Let j be f(2). Let m = g - j. Let z(b) = -b**2 - 5. What is z(m)?
-5
Let i(n) = -2*n + 2. Suppose 4*q = 3*q - 4*f + 6, f + 7 = 4*q. Suppose q*b = 4*b + 4*r - 12, r - 2 = 0. Calculate i(b).
-2
Let m(y) = y**3 + 2*y**2 - y + 3. Let h(s) = -s**3 - 6*s**2 + 7*s - 3. Let w be h(-7). Determine m(w).
-3
Let g(l) = l + 3. Let m(y) = -3*y - 8. Let h(k) = 17*g(k) + 6*m(k). Let f be 2*(-1)/4*-6. Suppose 4*v + 16 = -4*p, 1 = 4*p - v - f. Calculate h(p).
3
Let f(a) = 7*a**3 - 5*a**2. Let z(m) = -6*m**3 + 5*m**2 + m + 1. Let i(h) = -5*f(h) - 6*z(h). Let j(y) = -6*y. Let v be j(-1). Determine i(v).
-6
Let s(t) = t**2 + t + 1. Let r(z) = z**3 - 7*z**2 + 7*z - 2. Let h be r(6). Let u(k) = 0*k - h*k**2 + 9 - 5*k + 2*k. Let g(j) = 3*s(j) + u(j). Determine g(0).
12
Let u(s) be the second derivative of s**7/840 - s**6/120 + s**5/40 - s**4/12 + 2*s**3/3 + 2*s. Let w(f) be the second derivative of u(f). Determine w(2).
0
Suppose -5*b - 35 = -5*o - 0*b, o = 2*b + 9. Let q(s) = -3*s**2 + 2*s**2 + 5 + 6*s - 2. Calculate q(o).
8
Let f be 33/(0 - -3) + -2. Suppose -4*s - 12 = h, 0 = h + h - 3*s - f. Let u(g) = -g**3 + g**2 - g - 3. Determine u(h).
-3
Let r(s) = 25 - s - 44 + 11 + 0*s. Suppose y = -3*b - 3*y + 5, -3*y = -15. Give r(b).
-3
Let g(r) = -r. Let p = 10 - 16. Let d(t) = -8*t. Let l(i) = p*g(i) + d(i). What is l(2)?
-4
Suppose 0 = q + 5*b + 10, 0 = 4*q - 2*q - 2*b - 4. Let a(f) = q + f + 0 - 1 - 3. Give a(6).
2
Suppose 3*c + 3 = -9. Let o = -1 - c. Suppose 3*l + 7 + 8 = o*d, -9 = -2*d + l. Let m(w) = -w**2 + 5*w. Calculate m(d).
4
Let w = 2 - 9. Let i be (5/2)/(w/14). Let u(n) = -n**3 - 4*n**2 + 5*n - 1. Calculate u(i).
-1
Let k(c) = -21*c**2 + 2*c**2 + 1 + 0*c**2. Determine k(-1).
-18
Let w(o) = -o**2 + 5*o + 1. Let p(f) = f**3 + 3*f**2 - 6*f - 4. Let j be p(-4). Suppose -j*r - r - 5*u = 0, 3*u + 12 = 0. Determine w(r).
5
Let p(s) = s - 7. Let v be p(10). Suppose y - 2 = -0. Suppose -5*x - v*n - 5 = y*n, -4*n = -x - 11. Let a(w) = 2*w. Calculate a(x).
-6
Suppose 3*u = 0, -3*j + 14 + 1 = -3*u. Let m(p) = -2*p + 5. What is m(j)?
-5
Suppose 1 = -7*s - 27. Let a(y) = -y**2 - 5*y - 4. Calculate a(s).
0
Let c(u) be the second derivative of 2*u**3/3 - u**2/2 - 6*u + 1. What is c(3)?
11
Let k = 69 + -72. Let d(t) = 3 - 4 - 2 - 3*t. Give d(k).
6
Let d(y) = -4*y**3 - 12*y**2 + 6*y - 16. Let z(t) = -3*t**3 - 8*t**2 + 4*t - 11. Let q(s) = 5*d(s) - 7*z(s). Let m be ((-4)/(-5))/((-7)/(-105)*3). What is q(m)?
5
Let c(p) = p**3 + p**2 + p - 1. Let s be c(1). Let m(w) = s*w**3 + 3*w**3 - w**3. Give m(1).
4
Suppose -5*n - 4 = o + 2*o, -2*n + 4 = 4*o. Let u(x) be the first derivative of 4*x + 0*x - 2*x**2 - 2 + 3*x**o. Determine u(-4).
-4
Let h(y) = y + 4. Let l be h(0). Let t = 3 - l. Let f(b) = -10*b. Determine f(t).
10
Let b(p) = 91 - 91 + 2*p. Let x(f) = -2*f - 10. Let g be x(-7). Suppose 22 = -g*d + 2*s, s - 2*s - 5 = 2*d. Give b(d).
-8
Let j(d) = -10*d - 5 + 13*d - 2*d. Determine j(4).
-1
Let j be ((-2)/5)/(3/(-45)). Let h(z) = 5*z**2 - 8*z + 5. Let q(a) = -9*a**2 + 16*a - 11. Let u(f) = -7*h(f) - 4*q(f). Determine u(j).
-3
Let k(f) = f**2 + 2*f - 1. Let d(n) = 5*n**2 + 7*n - 7. Let g(x) = d(x) - 6*k(x). Let u be -3 + (0 - -1) + 0. Determine g(u).
5
Let t(i) = -i + 4. Let d(r) = 5 - 2*r + 5*r - r - 4. Let j be d(1). Give t(j).
1
Suppose 0 = l + 10 - 11. Let b(w) be the second derivative of w + 0*w**2 + 0 + 0*w**4 + 1/4*w**5 - 1/6*w**3. What is b(l)?
4
Let m = -7 + 4. Let u(n) = 4*n**3 + n**2 + 5*n + 1. Let d(c) = -3*c**3 - 2*c**2 - 5*c - 2. Let g(s) = 3*d(s) + 2*u(s). Determine g(m).
2
Let l(g) = -3*g**2 + 4*g**2 + 2*g**3 + g + g + 3 + 0*g**2. Calculate l(-2).
-13
Suppose -1 = -p + 4. Suppose 2*o - d - p = -0, 4*d = 2*o + 4. Let b(m) = m**2 - 4*m - 5. Give b(o).
-5
Let v(q) = -6*q**2 + 51*q + 41. Let l(n) = -n**2 + 10*n + 8. Suppose 0 = -u + 11 - 0. Let k(w) = u*l(w) - 2*v(w). Determine k(-7).
-1
Let k be 2*4/(-16)*2. Let s(n) = 4*n**2 + n. Give s(k).
3
Suppose 3*v = -v + 24. Suppose 3*a - v*t = -3*t + 3, -2*t = 4*a - 10. Let u = a - 2. Let c(n) = n**3 - n**2 - n - 4. Give c(u).
-4
Let u(v) = -v + 1. Let p(l) = l**2 - 3*l + 6. Let i(w) = p(w) - 6*u(w). Calculate i(-5).
10
Let d(k) be the first derivative of k**3/3 + 5*k**2/2 - 3*k + 1. Let q be 40/(-5) - (-2 - 1). Give d(q).
-3
Let y(z) = -4*z**3 + 2*z**2 + 2*z + 1. Let t(n) be the second derivative of -n**3/6 - 7*n**2/2 + n. Let o be t(-6). Calculate y(o).
5
Let c(g) = -g - 5. Let m(u) = -7*u**2. Let p be m(1). Determine c(p).
2
Let d(o) = 0 - o**2 - 3 + 2*o + 4*o. Give d(5).
2
Let o(v) = 4*v - 1. Let p(d) = 4 - d**2 - 6*d**2 + 2*d + d**3 + 3*d**2 + 0*d**3. Let k be 3 + 0 + 1 - 1. Let r be p(k). What is o(r)?
3
Let o(i) be the third derivative of i**6/180 + i**5/120 - i**4/24 + i**3/2 + 2*i**2. Let b(d) be the first derivative of o(d). Calculate b(-2).
5
Let r(k) = 4*k**3 - k**3 - 20*k + 21*k. Let b(t) = t**3 + 10*t**2 + 1. Let d(y) = -2*y. Let s be d(5). Let x be b(s). Give r(x).
4
Let j(v) be the second derivative of -v**5/20 + v**4/12 - v**3/6 + 5*v**2/2 - 4*v. What is j(0)?
5
Let x(f) = -2 + 3 - 7 + 8*f**2 - f**3 + f. Let m be x(8). Let a(b) = -7 + 7 + 3*b**m + b**3. Give a(-3).
0
Let k(r) be the first derivative of r**4/4 + 7*r**3/3 + 5*r**2/2 - 5*r + 129. Suppose -20 + 6 = -2*t. Let a = 1 - t. Calculate k(a).
1
Let m(t) = 0 - 2 + 3 + 0*t + t. Determine m(-1).
0
Let g(u) = -u**3 + 9*u**2 + 11*u - 10. Let j be g(10). Let v be 1*(1 + -2 + j). Let w(h) = 9*h**2 - h - 1. Give w(v).
9
Let a(s) = 4*s - 4 - 5*s + s**2 - 4*s**3 + 5*s**3 - 4*s**2. Give a(3).
-7
Let s(d) = d + 1. Let g(p) = 9*p + 14. Let j be 9/3*(-1)/(-3). Let k(z) = j*g(z) - 6*s(z). Calculate k(-6).
-10
Let b(k) be the first derivative of -k**4/4 + 5*k**3/3 - k**2/2 + 4*k - 6. Give b(4).
16
Suppose -l + 27 = 5*k, 6*l - 3*k + 5 = l. Let m(n) = 0*n**2 - 2 + n - 3*n**2 + 5 + l*n**2. Let v = 8 - 5. What is m(v)?
-3
Let v(q) = -7*q + q**2 - 2 + 7*q - 2*q**2. Suppose 0*k = -3*k. Determine v(k).
-2
Let h = -27 - -28. Let s(b) = 10*b - 1. Determine s(h).
9
Let g be 4 + -1 + (1 - 3). Let t(w) be the third derivative of -w**5/30 - w**4/24 - w**3/3 - w**2. Let z(v) be the first derivative of t(v). What is z(g)?
-5
Let p(i) = -i**2 + i - 1. Let f(r) = -5*r**2 + 2*r - 3. Let x(u) = -f(u) + 4*p(u). Let j = 24 + -12. Suppose -5*v - 8 = j. Calculate x(v).
7
Let c be ((-2)/(-4))/(7/28). Let o(z) = -3*z - 2 - 2*z**2 - 4 - 2*z**2 - z**3 + 0*z**c. Calculate o(-4).
6
Let n(v) = -v**3 - 9*v**2 + v + 11. Let z be n(-9). Let q(g) = 0*g**2 - 2*g**3 + g**z + 1 + g**3. Calculate q(0).
1
Let q(g) = -g**3 - 7*g**2 - 5. Suppose 5*x + 20 = 0, -2*o + 6*o + 84 = -4*x. Let b = 10 + o. Calculate q(b).
-5
Let k(i) = 5*i + 7. Let g(s) = -6*s - 8. Let y(x) = -3*g(x) - 4*k(x). Let o be y(-2). Let p(j) = -j + 4. Determine p(o).
4
Let f = 6 - 12. Let k be 2/(1 + 9/f). Let b(u) = 6 - 2*u + 6*u - 3*u. Determine b(k).
2
Let l(z) = 1 - z**3 + 5*z**2 - 2 + 0 + 5 - 2*z. Determine l(5).
-6
Suppose 0 = 4*a + a + 5. Let z(t) be the first derivative of -t**3/3 + t**2/2 + t - 1. What is z(a)?
-1
Let x = 6 + -11. Let c(m) = -m**2 - 5*m - 6. Give c(x).
-6
Let q(g) be the third derivative of g**4/24 - 2*g**3/3 + g**2. Suppose -9*t + 7*t = -6. What is q(t)?
-1
Let l(p) = p**3 + p**3 + p - 4*p**3. Suppose -6